ctor of c and 34.
17
Suppose 31 = i + 13. Calculate the highest common divisor of 9 and i.
9
Let p(s) = 8 + 0 - 4*s**2 - 2*s**3 + s**3 + 8*s. Let h be p(-7). Calculate the greatest common divisor of h and 11.
11
Suppose 5*w - w - 24 = 0. Calculate the highest common factor of 6 and w.
6
Let n(y) = -y**2 - y + 6. Let p be n(0). Suppose -p*j + j = -10. Suppose 0*q - 3 = -q. What is the greatest common factor of j and q?
1
Suppose 916 = 6*i - 2*i. Let x = i + -37. Calculate the greatest common divisor of x and 24.
24
Suppose -36 = -6*d + 2*d. Calculate the greatest common divisor of d and 9.
9
Suppose 3*s - 36 = 2*s - 4*w, 3*s = -4*w + 108. Suppose -m = 3*u - 275, -3*u = -u + 4*m - 200. What is the highest common factor of u and s?
18
Let q(w) = -w**3 + 7*w**2 - 4*w. Let c be q(6). Let l be ((-242)/(-6))/(4/c). Let d = 21 - 10. Calculate the highest common factor of d and l.
11
Let g(x) = x**2 - 5*x + 4. Let d be g(-5). Suppose 4*q - 5*q + 5*p = -6, -3*p + d = 3*q. Calculate the greatest common divisor of 40 and q.
8
Let k(j) be the first derivative of -j**3/3 - 7*j**2 - 4. Let x be k(-6). What is the highest common factor of 12 and x?
12
Let c(l) = -5*l - 1. Suppose 9 = -9*t + 6*t. Let w be c(t). Calculate the greatest common divisor of w and 7.
7
Let c(r) = -r**3 - 8*r**2 - 6*r + 7. Let d be c(-7). Suppose 3*n - i - 237 = 0, 0 = -d*i - i - 3. What is the highest common divisor of 26 and n?
26
Let t be 76/3 - 12/(-18). Let x(o) = -o**3 + o**2 - 2*o - 3. Let d be x(-2). Calculate the highest common factor of d and t.
13
Let k be (-30)/(-8)*(-88)/(-33). Let f(s) = -15*s - 10. Let v be f(-8). Calculate the greatest common factor of v and k.
10
Let p = -23 - -47. Let y = 349 - 289. Calculate the highest common divisor of y and p.
12
Suppose -r = 5*w - 273, 4*w = -5*r + 10 + 221. Calculate the greatest common divisor of w and 6.
6
Let n be (2 + -3)/(3/(-285)). Calculate the highest common factor of 19 and n.
19
Let k(t) = t**3 - 6*t**2. Let b be k(6). Suppose 23 = y - b*y. Let h be y/((-3)/(27/(-1))). What is the highest common factor of 23 and h?
23
Suppose 4*b - 31 = 321. Let o be (66/(-3))/(1*8/(-4)). What is the greatest common divisor of b and o?
11
Suppose -23 = -4*c - f + 21, 3*f + 38 = 5*c. Calculate the greatest common factor of c and 15.
5
Let w(m) = m + 4. Let l be w(-2). Suppose -4*t = -l*t + 8, 5*i - 3*t - 37 = 0. Suppose 0 = s - 7 - i. What is the highest common divisor of 18 and s?
6
Let x = -6 + 19. Let a = 0 + 65. What is the greatest common factor of a and x?
13
Let u = 31 - 29. Suppose -2*i + 17 = 1. Calculate the highest common divisor of i and u.
2
Suppose 0 = 2*j + j + 63. Let q be ((-14)/j)/(1/3). Let l be -1 - -8*2/q. Calculate the highest common factor of l and 21.
7
Let d = -36 - -46. Calculate the greatest common factor of d and 50.
10
Let j(v) = -v**2 - 6*v - 1. Let i be j(-5). Suppose 3*m - i*m = 3. Let q be 19 - (2 - 7 - m). What is the highest common factor of q and 7?
7
Suppose -f - 3*l = 2*l - 8, 0 = l - 1. What is the highest common divisor of 9 and f?
3
Let m(u) = u. Let y(i) = -2*i + 7. Let x(j) = -4*m(j) - y(j). Let k be x(-9). What is the highest common divisor of 99 and k?
11
Let w = 69 - 33. Let m be -2*(-1 + w/(-8)). Calculate the greatest common factor of 22 and m.
11
Let f = -1518 + 2156. Suppose f = 4*o + 98. Suppose -v = 4*v - o. Calculate the highest common divisor of 9 and v.
9
Suppose -q - 2*t = -30, 0 = 3*q + q - t - 165. What is the greatest common divisor of q and 100?
20
Suppose 5*i + 6*u - 2*u - 51 = 0, 2*i - 3*u = 2. Suppose -4*j + 30 = h - i, j + 4*h - 28 = 0. Calculate the greatest common divisor of 24 and j.
8
Suppose 4*t - 3*t - 55 = 0. Let q be 3 + (2 - -1) + -2. Suppose 3*p + q*r = 6*p - 23, -2*p - r = -8. What is the greatest common factor of t and p?
5
Suppose 5*j = 3*c + 70, -2 + 22 = 4*c. Suppose -2*d + 53 = 3*k, 4*k - 71 = 3*d - 6*d. Calculate the greatest common divisor of j and k.
17
Let y = 16 - 13. Calculate the greatest common factor of y and 33.
3
Let x(z) = -z**2 + 10*z - 12. Let u be x(6). What is the highest common factor of 96 and u?
12
Let k = -75 + 163. Calculate the highest common factor of 22 and k.
22
Let r = 10 + -3. Let i(y) = y**2 + 3*y - 3. Let o be i(-4). Let z be ((-315)/20)/(o/(-4)). What is the highest common divisor of z and r?
7
Let v = -824 - -840. Suppose 38 = -5*t + 563. Let j = t - 41. What is the highest common factor of v and j?
16
Suppose -28 = -x - 70. Let r = -20 - x. Suppose 5*h - 4*o + 5*o = 11, 3*o + 5 = 4*h. What is the greatest common divisor of h and r?
2
Suppose 1 = n - 3. Suppose 30 = q + n*q. Let m be q + -4 + -1 + 11. What is the highest common factor of m and 8?
4
Let n be (-7)/(70/(-4))*80. Let a = 87 - n. What is the greatest common divisor of a and 5?
5
Let u(f) = -f**2 + 15*f - 28. Let x be u(12). What is the highest common factor of x and 24?
8
Let r(q) = q**2 + 5*q - 5. Let a(j) = -2*j + 4*j**2 - 5*j**2 - 2 - j**2. Let k be a(-2). Let s be r(k). What is the highest common factor of 7 and s?
1
Suppose -4*a + 5*g = -50, 0 = 2*a + 2*a + g - 38. Let f = -48 - -88. What is the greatest common factor of a and f?
10
Let x be -2 + 0 + (27 - 1). Calculate the greatest common divisor of x and 216.
24
Suppose -2*b = 2*b - 3*x - 152, 0 = x. What is the highest common factor of 19 and b?
19
Let h(u) = 10*u**2 + 2. Let w be h(-2). Let s = -60 - -66. What is the highest common divisor of s and w?
6
Let m(i) = 25*i - 8. Let d be m(7). Let p = d + -117. Let q be 10*(2 + -2 + 1). What is the highest common divisor of p and q?
10
Let q(v) = v**2 - 4*v + 1. Let h be q(4). Suppose 0 = -2*t + 5 - h. Calculate the greatest common factor of 5 and t.
1
Suppose 0 = -2*f - 2*f + 16. Let s(u) = 2*u - 4 + f*u - 2*u. Let a be s(7). Calculate the greatest common factor of 36 and a.
12
Suppose 0 = -2*l + j + 8, -4*j + 4 = -6*l + 10*l. Calculate the greatest common factor of 21 and l.
3
Let o be 5/(1*1/1). Suppose 330 = o*j - v, 5*j - 108 = 2*v + 222. Suppose 0 = 3*k - k - j. What is the greatest common factor of k and 11?
11
Let v(z) = z**3 - 3*z**2 + 2*z + 1. Let f = -3 - -6. Let a be v(f). What is the greatest common divisor of 77 and a?
7
Let b(j) be the third derivative of j**6/120 + 2*j**5/15 - 3*j**4/8 + 13*j**3/6 + 3*j**2. Let n be b(-9). What is the highest common divisor of 13 and n?
13
Let f(t) = -9*t + 45. Let c be f(-14). What is the highest common divisor of 19 and c?
19
Suppose -6*d + 63 + 9 = 0. Calculate the greatest common divisor of d and 48.
12
Let i(w) = 10*w**2 + 2*w + 10. Let v be i(-4). Calculate the greatest common factor of 18 and v.
18
Suppose -3 = 2*d - 29. Let j be (-1 - 2)*1 - -46. Let z = 108 - j. What is the highest common divisor of z and d?
13
Suppose 0*j + 10*j - 60 = 0. What is the greatest common divisor of j and 78?
6
Let f = 12 + -3. Suppose 17 = -4*d + 21*d. What is the highest common factor of d and f?
1
Let d(p) = p**3 - 4*p**2 - 5*p + 5. Let q be d(5). Suppose -9 = 3*h - 4*t, -2 = -2*t + 4. What is the greatest common divisor of h and q?
1
Let p(j) = -j**3 + 8*j**2 + 3. Let k be p(8). Suppose 4*x - 59 - 17 = 0. Let h be (-4)/(-14) + x/7. Calculate the highest common divisor of h and k.
3
Suppose 3*m = -m + 168. Calculate the greatest common factor of m and 14.
14
Let d = 33 - 7. What is the greatest common factor of d and 65?
13
Let p be (-4)/26 + 32521/221. What is the highest common factor of 42 and p?
21
Suppose 5*s = -2*v + 22 - 9, v - 4*s - 26 = 0. Suppose -68*h + 10 = -63*h. Calculate the highest common divisor of h and v.
2
Let i be (1/(-2))/((-2)/188). Suppose -h = -13 - i. Calculate the greatest common divisor of 40 and h.
20
Let m be 110 - (1 + -2 + 3). Let a(t) = -27*t. Let v be a(-1). Calculate the greatest common divisor of m and v.
27
Suppose -u + 86 = -w, -u - 258 = -4*u + 2*w. Suppose -3 = 3*r, -35 = -v + 2*r + 26. Let q = u - v. Calculate the highest common divisor of 54 and q.
27
Let q(m) = 5*m + 3*m**2 + 0*m - 1 - 6*m. Let v be q(-2). Calculate the highest common factor of 13 and v.
13
Let m be 18*((-20)/(-6))/2. Suppose -4*f = -48 - 132. Calculate the greatest common divisor of m and f.
15
Suppose -292 = -4*w + 5*n, 29 = -3*w - 4*n + 217. Suppose -23 = 3*g - w. What is the greatest common divisor of 45